= -r + m. Let b(h) = -h**2 + 2*h + 1. Give b(r).
-2
Let o(d) = -d**3 + 3*d**2 + d - 4. Let c = 11 + -8. Let r be o(c). Let x(f) be the second derivative of f**4/12 - f**2/2 - 3*f. Give x(r).
0
Let p(r) be the third derivative of -r**5/30 + r**4/8 + r**3/3 - 2*r**2 - 5*r. Determine p(-1).
-3
Suppose -3*d = -4 - 5. Suppose 0 = -d*k + 3*z + 2*z, -z = 2*k + 13. Let l(g) be the first derivative of -g**3/3 - 2*g**2 - g - 2. Give l(k).
-6
Let m = 3 + -1. Let r(v) = 4*v + 4*v + 2 + 4 - 3*v + v**m. What is r(-5)?
6
Let i be 0/1*2/(-4). Let u = 5 + i. Let k(q) = q**3 - 5*q**2 - q + 5. What is k(u)?
0
Let j(k) = -k**2 + 7*k - 7. Let t(p) be the third derivative of p**6/120 + p**5/20 - p**4/24 + p**3/3 + 2*p**2. Let o be t(-3). Calculate j(o).
3
Let s(w) = -15*w + 9. Suppose 46 = 4*j - 6. Let p(d) = 7*d - 4. Let r(h) = j*p(h) + 6*s(h). Let x = -12 - -8. Calculate r(x).
-2
Let r(h) be the third derivative of -h**6/720 + h**5/120 - h**4/8 + 3*h**2. Let d(i) be the second derivative of r(i). Calculate d(-4).
5
Let d(p) = p**2 - p + 2. Let x(h) = h - 2. Let a be x(2). Determine d(a).
2
Let a(h) = 6*h - 3 + 6*h**2 - 2 + 4 + h**3. Determine a(-5).
-6
Suppose -3*w + 7 = -q, 3*w + 2*q = -0*w + 13. Let p(v) = -3*v + 3*v**2 - v**w + 0 + 1 + 2*v. Let g = 4 - 1. Calculate p(g).
-2
Let r(m) = -m**2 - m - 6. Suppose 6*y = 3*y + 48. Suppose 2*x + 4*w + y = 0, -5*w + 3 = x + 20. Let c be ((-2)/x + -1)/(-2). Give r(c).
-6
Let k(h) = h**2 - 7*h - 5. Let c = -28 + 36. Determine k(c).
3
Let f(v) = 5 - 2*v + 0*v + 3*v. Calculate f(-6).
-1
Let y be ((-10)/8)/(2/8). Let m(r) = -3*r + 3. Suppose 0 = 2*l + 2*s + 7 + 21, l - 2*s = -5. Let x(i) = -8*i + 9. Let w(a) = l*m(a) + 4*x(a). Determine w(y).
-2
Let p(c) = c**3 - 7*c**2 + 6*c - 5. Suppose 0 = 2*k - 4 - 0. Suppose 5*x = k*y + 30, 0*y + y = 0. What is p(x)?
-5
Suppose -37 = -8*t - 21. Let m(d) = -3*d**3 + 1 - d - 3 + 4*d**3. Calculate m(t).
4
Let u(h) = h + 4. Let b(q) = 6 + 0 - 5. Let f(i) = -6*b(i) + u(i). Let c(x) = 6*x - 202. Let z be c(33). Calculate f(z).
-6
Let n(z) = -2*z - 3. Let v(y) = y**2 + 24*y - 57. Let w be v(-26). Determine n(w).
7
Suppose 5*h - 18 = 2*h + 3*m, -3 = 2*h + 3*m. Let l(q) = -q**3 + 3*q**2 + q - 1. What is l(h)?
2
Let n(j) be the first derivative of 1/20*j**5 + j**2 - 1/6*j**3 - 2 - j - 1/3*j**4. Let q(l) be the first derivative of n(l). What is q(4)?
-2
Let z(j) = j - 5. Suppose -1 = 4*r - 37. Suppose -4*d + 33 = r. Determine z(d).
1
Let l(k) be the first derivative of k**2/2 - 47. Give l(-3).
-3
Let m(q) = q**3 + 5*q**2 + 7. Let l(d) = d**3 - 4*d**2 - 5*d - 5. Let n be l(5). What is m(n)?
7
Let n(z) = 5*z - 1. Let g be n(1). Let w(k) = -k - 5. Let o(d) = -3*d - 11. Let h(l) = 2*o(l) - 5*w(l). Give h(g).
-1
Let w(r) = r**2 - 6*r - 7. Let u be (-90)/(-16) - 9/(-24). Give w(u).
-7
Suppose 5*u = -6*z + 9*z - 25, -3*z - u - 5 = 0. Let n(f) = -f**2 + f - 1. Give n(z).
-1
Let r(x) = x - 4. Let m be r(6). Let a(l) = l**3 - 5 + 2*l**2 - l**2 + 3*l**m - l. Determine a(-4).
-1
Let r(c) = -c**2 + c - 1. Let x(t) = -2*t**2 + 11*t + 4. Let w(v) = 3*r(v) - x(v). What is w(-8)?
-7
Let q be (-3)/((5 + -4)*-1). Let k(v) = 4 - v + v + q*v. What is k(-4)?
-8
Let s(v) = v + 1. Let d(b) = 5*b - 7. Let a(l) = -d(l) + 4*s(l). Suppose 30 = 5*u - t, 2*u - 5*t + 12 = 4*u. Calculate a(u).
5
Let u(l) be the third derivative of l**5/60 - 7*l**4/24 - 7*l**3/6 - 5*l**2. Determine u(7).
-7
Let r(d) = d + 18. Let j be r(-8). Let b = 8 - j. Let i(l) = l**3 + 3*l**2 + 2*l + 3. Calculate i(b).
3
Let a = 8 - 6. Let q be (-2)/(12/(-9))*a. Suppose 4*z + 6 + q = -5*y, -5 = 5*z. Let m(c) = 9*c**3. Give m(y).
-9
Let g(k) = k**3 + 5*k**2. Let x(q) = -11*q**2 + 0 - 2*q**3 - 1 + 0. Let b(r) = -5*g(r) - 2*x(r). Suppose -4*h - 26 = -14. Determine b(h).
2
Suppose 4*v = -3*v. Let h(k) = -k - 1. Give h(v).
-1
Let u(g) = -19*g**3 - 2*g**2 - 2*g - 1. Suppose 0 = 5*i + 5. Calculate u(i).
18
Let p(n) be the first derivative of 3*n**2/2 + n + 1. Suppose 5*w - 12 = 3*w. Suppose -w*v = -2*v - 4. Calculate p(v).
4
Let r(w) = 5*w**2 + w. Suppose -18 = 4*a - 5*p, p + 8 = 3*a + 27. Let u be 57/21 + (-2)/a. Suppose -g + u = 2. Calculate r(g).
6
Let k(p) = 3 - 1 + 2*p - 3 + 3*p. Give k(-2).
-11
Let d(o) = -5*o**3 - o. Suppose 3*a = -3*x - 12, -2*x - 5*a - 28 = -5. Suppose -2*g = -0 - 2, 2*r - g = x. What is d(r)?
-6
Let k(v) be the first derivative of -v**3/3 - 7*v**2/2 - 6*v + 6. Calculate k(-4).
6
Let h(b) be the second derivative of 2*b + 0 + 7/12*b**4 + 7/6*b**3 + 5/2*b**2 + 1/20*b**5. Determine h(-6).
-1
Let t(q) = -q**2 + q + 1. Let z(l) = -l**3 - 7*l**2 + 4*l + 6. Let p(c) = -10*t(c) + 2*z(c). Suppose 1 = -2*n + n. Let x = -1 + n. Determine p(x).
6
Let h = -33 - -36. Let k(y) = 11*y**3 - 7*y**2 + 7*y + 2. Let f(u) = -4*u**3 + 2*u**2 - 2*u - 1. Let v(p) = 8*f(p) + 3*k(p). Determine v(h).
-5
Let j(w) = -w - 8 + w + w. What is j(5)?
-3
Let b(f) be the third derivative of f**5/120 + f**4/8 - f**3/6 + 3*f**2. Let a(d) be the first derivative of b(d). What is a(-2)?
1
Let w(k) = -k**2 - 4*k. Let g = -16 - -11. Determine w(g).
-5
Let c(g) = g - 5. Let t be c(9). Let a be (t/(-6))/((-12)/18). Let l(r) = -11*r - 1. What is l(a)?
-12
Let x(o) = 3*o. Suppose 16 = -5*y - i, -5*y = 5*i - 0*i + 20. What is x(y)?
-9
Let i(w) = w**3 + 3*w**2 - w - 1. Let m be 1*(1/(-3) - 88/33). What is i(m)?
2
Suppose -u - 2 = -17. Suppose 3*m + 0*m = -u. Let j = 3 + m. Let c(o) = o**3 + 2*o**2 - 2*o - 2. Calculate c(j).
2
Let p(x) = 1 - 1 + 0*x - 2*x - 7. Give p(-5).
3
Let t(v) = -3*v**2 + 3*v + 4. Let s(o) = -7*o**2 + 5*o + 8. Let z(p) = -2*s(p) + 5*t(p). Calculate z(6).
-2
Suppose 3*v + 39 = -3*q, 17 = -v + 2*v - 5*q. Let o be (-4)/10 + v/(-20). Let b(z) = 2 + o - 2*z + 4*z. Calculate b(-2).
-2
Let i be (-3)/30 + (-488)/(-80). Let l(x) = -x - 1. Give l(i).
-7
Let v(k) = -2*k + k**2 + 0*k + k - 6 + k**3. Suppose 3*h - 5*i + 19 = 0, h - 2*i = -3*h - 2. Let x = 2 - h. What is v(x)?
-6
Let q(g) = -g**2 + 5*g - 4. Suppose 0*h = -4*h + 12. Calculate q(h).
2
Let g(h) be the second derivative of h**3/6 + 5*h**2/2 - 6*h. Determine g(0).
5
Let s(d) = -d**2 + 5*d - 4. Suppose 0 = 5*v - 117 - 33. Let f be (6/(-4))/((-15)/v). Calculate s(f).
2
Let f(r) = -14*r - 1. Let s = -4 - -10. Suppose 3*m + 5*u - s = -m, 3*m = 5*u - 13. Give f(m).
13
Let d(j) = -j**2 - 7*j - 2. Let q = 7 + -13. What is d(q)?
4
Suppose 2*g - 6 = -2*b, -5*g + g = -2*b - 24. Let h(n) = 4*n**2 + n + 2. Determine h(b).
16
Let y = -56 + 55. Let h(k) = -4*k**2 + 1. Calculate h(y).
-3
Let c be 2/(-4)*(-10)/(-5). Let z(g) = 4*g**3 + 2*g + 1. Calculate z(c).
-5
Let q(f) = f**2 + 12*f + 1. Let d(k) = k - 1. Let j(w) = 6*d(w) - q(w). Let x be (3/(-3))/((-3)/(-15)). Give j(x).
-2
Let j(l) = -4*l - 3. Let c(a) = 3*a + 1. Let n be c(-1). Let v be (-70)/(-14)*n/5. What is j(v)?
5
Let c(h) = -h**3 - 6*h**3 + h**3 - 2*h**2 + 3*h**2. Let b be (-5)/5 - 4/(-2). Give c(b).
-5
Let y(o) = -o - 1. Let x(u) = 2*u**2 + 4*u. Let k(w) = -x(w) + 3*y(w). Calculate k(-5).
-18
Let j = 17 - 16. Let g(q) be the third derivative of -q**6/40 - q**4/24 + q**3/6 - q**2. Calculate g(j).
-3
Suppose -21 - 9 = 6*c. Let z(w) = -w**2 - 4*w - 7. Give z(c).
-12
Let s(o) be the second derivative of -2*o**5/5 + o**4/12 + o**3/3 + o**2/2 - 2*o. Suppose 2*y + 1 = -9. Let d(u) = u + 4. Let q be d(y). Give s(q).
8
Let k be (-1 - -2)/(1 - 0). Let o(l) = 6*l + 7. Let c(v) = -9*v - 11. Let z(m) = 5*c(m) + 8*o(m). Give z(k).
4
Let l(h) = 0 - 7*h - 3 + 6*h + 4. Calculate l(0).
1
Let o(u) = u + 2. Let v be o(-7). Let r(g) = -g**2 - 7*g - 25 - 7 + 31. Determine r(v).
9
Suppose 8 = -2*n - 3*v, 3 = 4*n + 4*v + 11. Suppose -n*m + 4*m = 2. Let y(h) be the third derivative of -5*h**4/12 + h**3/6 - 3*h**2. Determine y(m).
-9
Let l(i) be the first derivative of -1/3*i**4 - 1/20*i**5 + 2 + i - 1/3*i**3 + 3/2*i**2. Let w(c) be the first derivative of l(c). What is w(-3)?
0
Let g(z) = -z + 1. Let n be g(-2). Let w(l) be the third derivative of 0 - 1/24*l**4 + n*l**2 - 2/3*l**3 + 0*l + 1/20*l**5 - 1/120*l**6. Determine w(3).
-7
Let f(w) be the third derivative of 1/8*w**4 - 1/20*w**5 - 1/120*w**6 + 2/3*w**3 - 2*w**2 + 0*w + 0. Determine f(-4).
8
Let k(w) be the second derivative of -3*w**5/10 - w**4/12 + w**2/2 + 4*w. Determine k(1).
-6
Let c(p) = p - 1. Let d(z) = 2. Let w(i) = -1 + 1